672 a multiple of 16?
True
Does 138 divide 14602?
False
Is 1485 a multiple of 27?
True
Is 142 a factor of 3678?
False
Does 13 divide 5226?
True
Is 9180 a multiple of 17?
True
Does 7 divide 8313?
False
Does 18 divide 3488?
False
Does 276 divide 40848?
True
Does 179 divide 17622?
False
Is 30291 a multiple of 105?
False
Is 960 a multiple of 20?
True
Is 2295 a multiple of 17?
True
Is 2137 a multiple of 5?
False
Is 792 a multiple of 18?
True
Is 7 a factor of 679?
True
Is 8 a factor of 2216?
True
Does 67 divide 26666?
True
Does 13 divide 13462?
False
Does 11 divide 2525?
False
Is 15 a factor of 479?
False
Is 448 a multiple of 7?
True
Is 67 a factor of 3618?
True
Is 56582 a multiple of 56?
False
Does 9 divide 855?
True
Is 754 a multiple of 26?
True
Is 32 a factor of 2805?
False
Does 19 divide 1140?
True
Does 16 divide 4699?
False
Does 12 divide 13226?
False
Does 64 divide 547?
False
Is 6641 a multiple of 46?
False
Is 28 a factor of 13916?
True
Is 4056 a multiple of 30?
False
Is 365 a multiple of 73?
True
Is 12 a factor of 45580?
False
Is 15 a factor of 5249?
False
Does 78 divide 78?
True
Is 1898 a multiple of 19?
False
Does 57 divide 545?
False
Is 482 a multiple of 24?
False
Is 465 a multiple of 2?
False
Is 20955 a multiple of 18?
False
Is 66 a factor of 3498?
True
Does 35 divide 210?
True
Is 1450 a multiple of 23?
False
Is 27 a factor of 1232?
False
Does 218 divide 61258?
True
Is 6744 a multiple of 2?
True
Is 4 a factor of 192?
True
Is 35 a factor of 21735?
True
Is 70 a factor of 1960?
True
Does 9 divide 152?
False
Is 3135 a multiple of 165?
True
Is 34 a factor of 2381?
False
Is 46 a factor of 10350?
True
Is 26 a factor of 33280?
True
Is 25740 a multiple of 156?
True
Is 91 a factor of 17700?
False
Is 1938 a multiple of 12?
False
Is 56 a factor of 288?
False
Is 39 a factor of 5382?
True
Is 42316 a multiple of 17?
False
Is 130 a multiple of 10?
True
Does 4 divide 8789?
False
Is 62 a factor of 16616?
True
Is 31075 a multiple of 11?
True
Is 27986 a multiple of 33?
False
Is 382 a multiple of 91?
False
Does 23 divide 8165?
True
Is 13 a factor of 1070?
False
Does 6 divide 1541?
False
Is 19 a factor of 406?
False
Is 5 a factor of 385?
True
Is 1015 a multiple of 70?
False
Is 567 a multiple of 7?
True
Is 90 a factor of 4680?
True
Is 272 a factor of 137349?
False
Is 69 a factor of 3905?
False
Is 190 a multiple of 38?
True
Is 629 a multiple of 11?
False
Is 1376 a multiple of 8?
True
Is 44 a factor of 2643?
False
Does 18 divide 213?
False
Is 47120 a multiple of 310?
True
Is 288 a multiple of 12?
True
Is 15 a factor of 4245?
True
Does 98 divide 20241?
False
Is 484 a multiple of 44?
True
Does 224 divide 19551?
False
Is 8736 a multiple of 13?
True
Is 330 a multiple of 39?
False
Does 12 divide 2136?
True
Does 12 divide 21159?
False
Is 20 a factor of 300?
True
Is 740 a multiple of 95?
False
Is 9 a factor of 2726?
False
Does 4 divide 8?
True
Does 93 divide 10338?
False
Does 7 divide 3683?
False
Is 510 a multiple of 4?
False
Does 61 divide 26599?
False
Is 16 a factor of 2930?
False
Does 41 divide 9512?
True
Is 85 a factor of 120669?
False
Is 3194 a multiple of 7?
False
Does 9 divide 360?
True
Is 984 a multiple of 18?
False
Is 180 a multiple of 5?
True
Does 9 divide 1980?
True
Does 25 divide 55175?
True
Is 3588 a multiple of 12?
True
Is 168 a factor of 8064?
True
Is 4 a factor of 1628?
True
Is 6496 a multiple of 20?
False
Does 27 divide 743?
False
Does 213 divide 27239?
False
Does 17 divide 769?
False
Is 6090 a multiple of 10?
True
Is 20 a factor of 2760?
True
Is 324 a multiple of 56?
False
Is 22 a factor of 631?
False
Is 102 a multiple of 8?
False
Is 54 a factor of 108?
True
Does 171 divide 26163?
True
Is 3707 a multiple of 75?
False
Does 23 divide 14163?
False
Does 20 divide 26940?
True
Is 216 a multiple of 9?
True
Does 8 divide 659?
False
Is 99261 a multiple of 15?
False
Does 43 divide 344?
True
Is 129 a factor of 1806?
True
Is 34 a factor of 1938?
True
Is 65 a multiple of 4?
False
Does 17 divide 5508?
True
Does 34 divide 27985?
False
Is 96432 a multiple of 164?
True
Is 16 a factor of 31600?
True
Is 90 a factor of 6734?
False
Does 10 divide 2110?
True
Is 4 a factor of 324?
True
Does 17 divide 42034?
False
Does 33 divide 51?
False
Is 9499 a multiple of 7?
True
Is 13 a factor of 587?
False
Is 187 a multiple of 32?
False
Is 24 a factor of 1500?
False
Is 1692 a multiple of 18?
True
Does 25 divide 155917?
False
Is 10498 a multiple of 3?
False
Is 85 a factor of 15268?
False
Is 52 a multiple of 3?
False
Is 686 a multiple of 14?
True
Is 58 a factor of 3828?
True
Does 13 divide 377?
True
Is 11 a factor of 31394?
True
Does 13 divide 2548?
True
Is 1368 a multiple of 72?
True
Is 1386 a multiple of 33?
True
Does 18 divide 1621?
False
Is 20 a factor of 420?
True
Does 58 divide 946?
False
Does 4 divide 611?
False
Is 13 a factor of 2327?
True
Is 4 a factor of 1145?
False
Does 6 divide 1598?
False
Is 506 a multiple of 40?
False
Does 12 divide 1043?
False
Does 26 divide 3091?
False
Does 25 divide 78520?
False
Is 11627 a multiple of 77?
True
Does 15 divide 1005?
True
Does 32 divide 1600?
True
Is 34 a factor of 642?
False
Is 12 a factor of 13008?
True
Does 13 divide 1086?
False
Is 1529 a multiple of 14?
False
Does 7 divide 343?
True
Does 8 divide 5408?
True
Is 38 a factor of 326?
False
Is 737 a multiple of 9?
False
Does 61 divide 6349?
False
Does 17 divide 1394?
True
Does 18 divide 15786?
True
Does 73 divide 1095?
True
Does 27 divide 1880?
False
Is 3 a factor of 21464?
False
Is 36 a factor of 5675?
False
Is 7 a factor of 18914?
True
Is 881 even?
False
Is 2603 a multiple of 137?
True
Does 110 divide 15730?
True
Does 29 divide 58348?
True
Is 7 a factor of 1218?
True
Is 70 a factor of 5740?
True
Does 5 divide 204?
False
Is 43 a factor of 913?
False
Does 8 divide 488?
True
Does 22 divide 284?
False
Is 8 a factor of 772?
False
Is 403 a multiple of 8?
False
Is 15040 a multiple of 47?
True
Is 138 a multiple of 4?
False
Is 25 a factor of 2523?
False
Is 15648 a multiple of 24?
True
Is 29 a factor of 1334?
True
Does 56 divide 873?
False
Does 25 divide 564?
False
Does 38 divide 1254?
True
Is 2219 a multiple of 31?
False
Is 110 a factor of 9130?
True
Does 11 divide 16462?
False
Is 19 a factor of 931?
True
Is 165 a multiple of 3?
True
Is 34 a factor of 14144?
True
Does 18 divide 1584?
True
Is 204 a factor of 41412?
True
Is 26 a factor of 106?
False
Does 6 divide 1327?
False
Is 51 a factor of 58198?
False
Does 34 divide 2108?
True
Does 19 divide 3401?
True
Does 25 divide 2750?
True
Is 5 a factor of 10850?
True
Does 9 divide 900?
True
Does 2 divide 11052?
True
Is 96 a factor of 1056?
True
Is 46 a factor of 27002?
True
Is 2415 a multiple of 48?
False
Is 6 a factor of 407?
False
Is 642 a multiple of 10?
False
Is 91 a factor of 4163?
False
Is 4 a factor of 44?
True
Is 41 a factor of 1148?
True
Is 12 a factor of 7766?
False
Is 51910 a multiple of 358?
True
Is 17280 a multiple of 16?
True
Is 604 a multiple of 15?
False
Does 146 divide 17812?
True
Is 7 a factor of 5264?
True
Is 91 a factor of 27664?
True
Does 10 divide 360?
True
Is 7 a factor of 113?
False
Does 12 divide 3743?
False
Is 109 a multiple of 9?
False
Is 156 a multiple of 6?
True
Does 105 divide 42264?
False
Does 13 divide 26143?
True
Is 5560 a multiple of 40?
True
Does 47 divide 235?
True
Is 12274 a multiple of 38?
True
Is 48070 a multiple of 19?
True
Is 15 a factor of 20490?
True
Is 51 a factor of 155?
False
Is 8 a factor of 32?
True
Is 1156 a multiple of 4?
True
Does 13 divide 8105?
False
Does 4 divide 117?
False
Does 52 divide 3334?
False
Is 38 a factor of 5320?
True
Is 2 a factor of 75?
False
Does 23 divide 9252?
False
Is 30 a factor of 3985?
False
Is 31 a factor of 3420?
False
Does 9 divide 971?
False
Does 42 divide 57120?
True
Does 23 divide 118?
False
Does 42 divide 8268?
False
Does 3 divide 1210?
False
Is 35 a factor of 4175?
False
Is 1007 a multiple of 19?
True
Is 2020 a multiple of 34?
False
Is 19 a factor of 40394?
True
Does 26 divide 1596?
False
Is 4662 a multiple of 111?
True
Does 55 divide 3410?
True
Is 4 a factor of 222?
False
Is 7256 even?
True
Is 110 a factor of 3641?
False
Is 29 a factor of 5162?
True
Does 11 divide 11?
True
Does 4 divide 62?
False
Is 11 a factor of 5469?
False
Is 44 a factor of 252?
False
Is 138 a multipl